d r?
6
Suppose 0*q + 735 = 3*q. Suppose -4*u + 6 = 4*z - 126, 6 = -3*u. What is the greatest common factor of q and z?
35
Suppose 5*b = -3*z + 8, 0 = -3*z - 4*b - 0*b + 7. Let x be -3*12/(-9) - z. Suppose k + k + 3*o = 70, 0 = -x*o. Calculate the greatest common factor of k and 5.
5
Let i = -472 + 758. What is the greatest common factor of i and 26?
26
Let m = -81 + 94. Calculate the greatest common factor of 117 and m.
13
Let d = -1 + 5. Suppose q = -d*q + 120. Let c(n) = n + 13. Let s be c(-10). Calculate the highest common factor of q and s.
3
Let q = 6 - 4. Let w(h) = 2*h**2 - 4*h + 3. Let x be w(q). Calculate the highest common factor of 27 and x.
3
Suppose -4*n + n + 15 = 0. Let d(v) = -n - 1 + 1 + 3*v. Let j be d(7). Calculate the highest common divisor of 2 and j.
2
Suppose 16 = 2*x + 3*h, h + 2*h = 2*x - 16. Suppose -x = -0*n - 2*n. What is the greatest common factor of n and 40?
4
Suppose -334 = -4*x + 5*w, -6*x = -3*x - w - 245. Calculate the greatest common divisor of x and 9.
9
Let f be ((-40)/(-15))/(4/18). What is the greatest common divisor of 18 and f?
6
Let c = -38 + 52. Calculate the highest common divisor of c and 70.
14
Suppose 2*v + 5*i = -12, 3*v + v + 24 = i. Let k be (18/12)/(v/(-80)). Let z(m) = 3*m**2 - m. Let r be z(-1). Calculate the highest common factor of k and r.
4
Let f be (-16)/6*(-6)/4. Suppose 2*y + f*l - 23 - 11 = 0, -46 = -5*y + 3*l. What is the highest common factor of 77 and y?
11
Let k(t) = 7*t**2 + t - 6. Suppose -3*n = d - 12 - 5, -3*d + 31 = 5*n. Let g be k(n). Let q = g + -83. Calculate the highest common factor of q and 13.
13
Let i = -62 - -174. Calculate the highest common divisor of 28 and i.
28
Let g be 1/1 + 1 + -1. Suppose -g = -x + 1. Let w be 1 - -3 - (-12)/(-2)*-3. What is the highest common divisor of x and w?
2
Let o = 23 - -12. Suppose -2*i = o - 189. Calculate the greatest common divisor of 7 and i.
7
Let a be -1 - (-75)/(2 - -1). Suppose -2*v - a + 1 = -5*l, 0 = -3*l + v + 13. What is the highest common factor of 12 and l?
3
Suppose s = -4*s - 15. Let r be (-72)/s*1/2. Calculate the greatest common factor of 3 and r.
3
Suppose -8 = -q + 2*j, -j - 23 = -4*q + 4*j. Suppose -q*x + 10 = -0*x. What is the greatest common divisor of 2 and x?
1
Let x(p) = -11*p + 2. Let m be x(-6). Suppose 2*h = 108 + m. Calculate the highest common factor of 8 and h.
8
Let p(l) = l**3 - 12*l**2 + 11*l + 1. Let v be p(11). What is the greatest common factor of 5 and v?
1
Let v be (0/3)/(-3) + 0 + 18. What is the greatest common factor of v and 36?
18
Let o = 4 + 2. Let x = 23 + -15. Let t = x - 5. What is the highest common divisor of t and o?
3
Suppose 2*g + 19 - 101 = 0. What is the highest common divisor of g and 369?
41
Let i = -2 - 1. Let s be (-1 + -8)*i*5. Suppose v + a - s = 0, -a = a - 6. What is the highest common factor of v and 12?
12
Let p(s) be the second derivative of -23*s**5/10 - s**4/12 - s**3/6 - s**2/2 - s. Let a be p(-1). What is the highest common divisor of 5 and a?
5
Let l = 65 + -20. Let j be (1 - -1)*5/2. What is the highest common divisor of l and j?
5
Let q be 20/5 + (-2)/1. Let u = 4 + -2. Calculate the highest common divisor of u and q.
2
Let d be (-128)/(-2) + 1*-1. Let v = 23 - 14. What is the highest common divisor of v and d?
9
Let s(d) = -d**3 + 2*d**2 + 2*d - 2. Let h be s(-2). Suppose -3*g - 5*q + 8 + 23 = 0, 24 = 2*g + 4*q. What is the greatest common factor of g and h?
2
Let w = 110 + -98. What is the highest common factor of w and 30?
6
Suppose -j = -5*a + 320, -4*a + 3*j + 272 = -j. What is the greatest common factor of a and 7?
7
Suppose 5*l + 4*d = 5, 4*l + 0*d - 2*d = 4. Suppose 9 = i + 6. Let y be 30/8 - i/(-12). What is the highest common factor of y and l?
1
Let m be (-4 - -14)/((-6)/(-15)). Let x be 1*15*50/6. Calculate the greatest common factor of m and x.
25
Let w(x) = x - 2. Let k be w(5). Let i be (9/(-2))/(k/(-18)). Suppose 0 = -3*j + 3*v + i, -6*v - 15 = -2*j - v. What is the greatest common factor of 5 and j?
5
Let t(c) = c**3 - c**2 - 3*c - 2. Let m be t(3). Suppose -4*v + 29 + m = 0. What is the highest common factor of v and 27?
9
Suppose 2*p - 28 = -5*t, 0 - 8 = -3*t + p. Suppose -t*l - 5*v = -55, -5*v - 7 = 3*l - 42. Let r = l + 60. Calculate the greatest common factor of 32 and r.
16
Let d be (-567)/(-7) + -1*1. Suppose 4*t - d = -0*t. What is the highest common divisor of 80 and t?
20
Suppose 2*h = -3*h - 20. Let v be (-69)/12 - (-1)/h. Let i = 90 + v. What is the greatest common factor of 12 and i?
12
Let n(q) = -q**2 - 4*q. Let s be n(-2). Calculate the greatest common divisor of 8 and s.
4
Let y = -3 - -16. Let z = y - 6. Calculate the greatest common divisor of 7 and z.
7
Suppose -3*h = -h + 6. Let c be h/(-9)*(1 - -320). Suppose 2*w + 80 = 2*s, -4*s - 2*w + c = -65. Calculate the highest common factor of s and 28.
14
Suppose o - 13 = 1. Calculate the highest common divisor of o and 154.
14
Let m = 120 - 84. Let k = 28 + -10. What is the highest common divisor of m and k?
18
Let k be (-4)/32*-2 - 638/(-8). Calculate the highest common divisor of k and 5.
5
Suppose w - 9 = 10. Let d = -190 - -266. Calculate the highest common factor of w and d.
19
Suppose 5*z + 29 = 4*t - 0*z, -4*z - 24 = -4*t. Suppose 0 = -3*b - 2*b + 10. What is the greatest common divisor of b and t?
1
Let v = 65 + -34. Calculate the greatest common divisor of v and 279.
31
Let w(v) = v**3 - 4*v**2 - 4. Let p be w(5). Calculate the highest common factor of 42 and p.
21
Suppose -12 = -4*s + 60. What is the greatest common divisor of s and 12?
6
Let c = 18 - 15. Suppose -c*v + 2*q + 6 = -2*q, -2*q = -6. What is the highest common divisor of v and 15?
3
Let l = -75 - -145. Let n be 4/2 + -1 - 21. Let t = 48 + n. What is the highest common divisor of l and t?
14
Let i(d) = d**3 + 15*d**2 - 17*d - 6. Let l be i(-16). Let t be (-5)/l + (-258)/(-4). What is the highest common divisor of 16 and t?
16
Let u(t) be the second derivative of -t**3/3 - t**2 + t. Let s be u(-6). What is the highest common factor of 25 and s?
5
Let t be (-21)/2*(-4)/6. Suppose 2*w = -2*w + 8, 2*w - 32 = -2*b. What is the highest common factor of t and b?
7
Suppose -3*j = -z - 23 - 35, 2*j + 4*z - 34 = 0. Calculate the greatest common factor of j and 19.
19
Let p = 170 - 98. Calculate the highest common divisor of p and 9.
9
Suppose 5*u + 3*o = 210, 3*u - 88 = u - 2*o. Calculate the highest common factor of u and 26.
13
Let t(j) = -j**2 + 2*j + 32. Let w be t(0). Let a(l) = 6*l**2 + 4*l. Let f be a(-3). Let v be f/5 - 6/15. Calculate the highest common divisor of w and v.
8
Suppose -2*a = 4, 2*a - 12 = -4*v + 4*a. Suppose -4*c + v*c = -32. Suppose o = l - 7, -5*o + 41 - 12 = 3*l. What is the greatest common divisor of c and l?
8
Let l(k) be the first derivative of 3*k + 1/3*k**3 + 1 + 4*k**2. Let a be l(-8). Calculate the highest common divisor of 3 and a.
3
Suppose 8*r = -3*r + 33. What is the greatest common factor of 12 and r?
3
Suppose 0 = 2*s - 4, 0*s + 5*s - 190 = 5*r. Let u be -4*(3 + -2)*r. What is the highest common factor of 16 and u?
16
Suppose 4*r = 7*t - 2*t - 15, -18 = t - 5*r. Calculate the greatest common divisor of 63 and t.
7
Suppose 0 = h - 2. Let k be (-16)/h*(-5)/5. Calculate the greatest common divisor of k and 8.
8
Suppose -3*j + 15 = 0, 5*x - 29 = 3*j + 116. What is the greatest common factor of 32 and x?
32
Suppose 20*f = 21*f - 52. Calculate the highest common divisor of f and 13.
13
Let x = 16 - 16. Let o be x/(-1) - (0 + -15). Calculate the highest common factor of 120 and o.
15
Let y be (-7)/4*((2 - 104) + 2). What is the highest common factor of y and 25?
25
Suppose -2*m - m = -429. What is the highest common factor of m and 13?
13
Let y = 13 - 2. Suppose -k = -0*k - 11. Calculate the highest common factor of y and k.
11
Let d = 0 + 5. Let q(b) = 2*b - 3. Let y be q(d). Calculate the greatest common divisor of 14 and y.
7
Suppose 0 = 5*b - 0*b - 70. Calculate the greatest common divisor of 7 and b.
7
Suppose -5*v = 2*x - 3*x, 2*x = 0. Suppose -1 = -t - v. What is the highest common factor of 11 and t?
1
Suppose 3*p - 4 - 8 = 0. Suppose 0 = -0*f + 3*f + 6, -3*m = -p*f - 20. Suppose -2*l + 160 = 5*d + 2*l, -l = 5. What is the highest common factor of d and m?
4
Suppose 0 = 